134
In base 5, what is -2410 - 1?
-2411
In base 8, what is 46 + 103?
151
In base 5, what is 2131 - 22?
2104
In base 5, what is 4112 + 4?
4121
In base 10, what is -7 - -55?
48
In base 16, what is 5 - -16?
1b
In base 13, what is 15c3 - 4?
15bc
In base 13, what is 2 - -140b?
1410
In base 10, what is 5 - -158?
163
In base 14, what is 13 + 9?
1c
In base 16, what is 4b - -8?
53
In base 8, what is 0 - -10?
10
In base 7, what is 5 - 1055?
-1050
In base 16, what is 3 - 7?
-4
In base 16, what is -17fb - -2?
-17f9
In base 11, what is -a41 - 2?
-a43
In base 8, what is -2 + -560?
-562
In base 5, what is -2 + 212?
210
In base 6, what is -5 - -520?
511
In base 13, what is -6435 - 0?
-6435
In base 3, what is -11 - 1112?
-1200
In base 3, what is -20100 - -202?
-12121
In base 14, what is 0 + 240?
240
In base 2, what is 1101100 + -101?
1100111
In base 2, what is -1000 + 10100110010?
10100101010
In base 5, what is 140 - -22?
212
In base 9, what is 1000 + 1?
1001
In base 15, what is 9 + 6cb?
6d5
In base 4, what is 1212013 + 10?
1212023
In base 4, what is 101111 + -2?
101103
In base 11, what is -3 + -3?
-6
In base 10, what is -2594 - 5?
-2599
In base 10, what is -4 + -242?
-246
In base 14, what is 190d + -3?
190a
In base 4, what is 3132 - -2?
3200
In base 4, what is 10 - 2330?
-2320
In base 5, what is -11324 - 0?
-11324
In base 16, what is -c44 - 1?
-c45
In base 12, what is -59 - -2?
-57
In base 16, what is 7a - -2?
7c
In base 6, what is -1 - 25?
-30
In base 4, what is -22 + -2?
-30
In base 11, what is -3 - -34?
31
In base 16, what is 5 - 5?
0
In base 5, what is -2434 - 1?
-2440
In base 15, what is 1 + 253?
254
In base 5, what is -124 + -23?
-202
In base 4, what is 1130 + -3?
1121
In base 11, what is 0 - 35?
-35
In base 6, what is -4 + -1130?
-1134
In base 12, what is 2 + -90?
-8a
In base 14, what is 5 + -50c?
-507
In base 7, what is -22 + -13?
-35
In base 16, what is 5 - 1d?
-18
In base 5, what is -2342 - 13?
-2410
In base 8, what is -1 - 126?
-127
In base 5, what is -23 - -2244?
2221
In base 11, what is -642 - 9?
-650
In base 14, what is 1062 - 4?
105c
In base 13, what is -75cc - -5?
-75c7
In base 7, what is 5 - 21363?
-21355
In base 7, what is -256460 - -4?
-256453
In base 13, what is 1 + -103b?
-103a
In base 4, what is -102 - 10101?
-10203
In base 7, what is -5 + 21?
13
In base 13, what is 152 + -3?
14c
In base 8, what is -3675 + -4?
-3701
In base 4, what is -22 - -21301?
21213
In base 10, what is 7 + 1956?
1963
In base 14, what is 22 + 1d6?
218
In base 10, what is 44458 + 1?
44459
In base 2, what is -10110101 + 0?
-10110101
In base 11, what is 2a6 - 1?
2a5
In base 8, what is 6 - -57?
65
In base 7, what is -24 + 106?
52
In base 4, what is 12 - -133023?
133101
In base 13, what is -4 - -231?
22a
In base 15, what is 97 - -5?
9c
In base 4, what is 111 - 213?
-102
In base 16, what is 38a + 5?
38f
In base 2, what is 10 + 1100000?
1100010
In base 12, what is -5 + -53?
-58
In base 16, what is -112 + 0?
-112
In base 6, what is -15 + 543?
524
In base 14, what is 7 + b6?
bd
In base 12, what is 236 + -2?
234
In base 15, what is -353 - 3?
-356
In base 10, what is -4 + 124?
120
In base 16, what is -2 - -ed?
eb
In base 10, what is -47 + -15?
-62
In base 15, what is -30 + 3?
-2c
In base 4, what is -112 + 1303?
1131
In base 9, what is -16 - -8?
-7
In base 7, what is -320 - 5?
-325
In base 5, what is -1 + 4213?
4212
In base 6, what is 20 - -4?
24
In base 7, what is -444 + 5?
-436
In base 2, what is -111101111111 + 11?
-111101111100
In base 14, what is 125 + 31?
156
In base 9, what is -143 + 0?
-143
In base 6, what is -221 - -5?
-212
In base 16, what is -71 - -4c?
-25
In base 14, what is 5 + -26?
-21
In base 15, what is 63e - -1?
640
In base 4, what is -12 + 11?
-1
In base 13, what is -533 + 7?
-529
In base 9, what is 84 + -5?
78
In base 2, what is -100111000 - -1?
-100110111
In base 2, what is -100 - -10100001000?
10100000100
In base 6, what is 50 + 14?
104
In base 5, what is -124121 - -10?
-124111
In base 12, what is 3 + -623?
-620
In base 2, what is 0 + 101110?
101110
In base 4, what is -3 + -23101?
-23110
In base 13, what is -2a + -209?
-236
In base 12, what is 2 + 6a?
70
In base 2, what is -110010000 - -1?
-110001111
In base 12, what is 0 - 11b?
-11b
In base 12, what is 161 - 16?
147
In base 8, what is 3 - -125?
130
In base 11, what is 0 - 52?
-52
In base 9, what is -20 - -33?
13
In base 15, what is -1 - -300?
2ee
In base 16, what is 0 - 15c9?
-15c9
In base 2, what is -11111011101 - 10?
-11111011111
In base 2, what is 11 + 10101000100?
10101000111
In base 6, what is 41 - -4?
45
In base 11, what is 40 + 1?
41
In base 8, what is -4 + -6634?
-6640
In base 13, what is 10b9 + 1?
10ba
In base 8, what is -1 - 475?
-476
In base 11, what is 271 - 8?
264
In base 4, what is -13 - 1331?
-2010
In base 12, what is -2a4 - 0?
-2a4
In base 2, what is 100 - -11000?
11100
In base 11, what is -1 + -48?
-49
In base 9, what is 17 - -2752?
2770
In base 5, what is -34 + 20?
-14
In base 11, what is 7 + 65?
71
In base 15, what is 4 - -3d?
42
In base 3, what is -2 + -20111?
-20120
In base 2, what is 10000010110 - 10011?
10000000011
In base 2, what is 11 - -1011100000?
1011100011
In base 7, what is -464 - 1?
-465
In base 4, what is -2023 - -322?
-1101
In base 6, what is -142 + -4?
-150
In base 8, what is -1252 + -4?
-1256
In base 3, what is 121001 + -2?
120222
In base 8, what is 142 + -27?
113
In base 4, what is 32322 - 20?
32302
In base 10, what is -96 + 8?
-88
In base 6, what is -133 - 0?
-133
In base 9, what is -443 - -1?
-442
In base 5, what is -32 - -31?
-1
In base 3, what is -20110211 + -2?
-20110220
In base 11, what is -4 + 2936?
2932
In base 16, what is -63 - 6?
-69
In base 16, what is -b9 + -3?
-bc
In base 11, what is 1556 + -2?
1554
In base 12, what is -217b5 + 4?
-217b1
In base 10, what is -52 + 94?
42
In base 3, what is -200110 - -12?
-200021
In base 11, what is -1 - 67?
-68
In base 7, what is 3 + -1305?
-1302
In base 8, what is -264 - -7?
-255
In base 7, what is 1054 + -16?
1035
In base 13, what is 185c + 5?
1864
In base 3, what is 22201101 + -12?
22201012
In base 2, what is -11000101 - 1111?
-11010100
In base 6, what is 3 - -50?
53
In base 9, what is 3 - -276?
280
In base 14, what is 5 - -b?
12
In base 13, what is -5 + -287?
-28c
In base 6, what is -1 - -2?
1
In base 9, what is 1 + -422?
-421
In base 8, what is -2220 - -5?
-2213
In base 10, what is 3 + -724?
-721
In base 3, what is 11 - -12100100?
12100111
In base 11, what is 48 + 3?
50
In base 5, what is -32233 + -4?
-32242
In base 11, what is 29a - 1?
299
In base 5, what is -20112 - 0?
-20112
In base 4, what is 1102 + -10?
1032
In base 15, what is 226 + -2?
224
In base 10, what is -4 + 3?
-1
In base 11, what is 3 - -111?
114
In base 2, what is 110100 + -11?
110001
In base 12, what is 38 + 3?
3b
In base 13, what is -15c - -5?
-157
In base 7, what is 2404 - 0?
2404
In base 13, what is -1a + 346?
329
In base 10, what is -3469 + 1?
-3468
In base 9, what is -45 + 2?
-43
In base 4, what is -10032 + -10?
-10102
In base 15, what is 440 - -3?
443
In base 2, what is -11100101 + -1100?
-11110001
In base 16, what is -5 - 23?
-28
In base 13, what is -5b - 1?
-5c
In base 15, what is 163 + 14?
177
In base 3, what is 11200010 + 11?
11200021
In base 13, what is 1 + -2a9?
-2a8
In base 8, what is 337 - -5?
344
In base 2, what is 101 - 100?
1
In base 2, what is 10011 - 100110?
-10011
In base 14, what is 49 + -2?
47
In base 15, what is -a1 - -3?
-9d
In base 16, what is -4b - 3?
-4e
In base 4, what is 10 + -12333?
-12323
In base 9, what is -235 - 3?
-238
In base 6, what is 2 - -15?
21
In base 12, what is 5 + -51b?
-516
In base 11, what is 4 + -12a5?
-12a1
In base 2, what is -1 - -101111111?
101111110
In base 8, what is -4 - -1426?
1422
In base 10, what is 1 - 67?
-66
In base 12, what is 1b0 - -8?
1b8
In base 3, what is -12200110 - -1?
-12200102
In base 2, what is 10 + -10110?
-10100
In base 6, what is 1341 + -2?
1335
In base 10, what is 109 - 3?
106
In base 7, what is 1642 - -25?
2000
In base 7, what is -56 - 45?
-134
In base 5, what is -10431 + -11?
-10442
In base 12, what is 400 + 3?
403
In base 3, what is -21 + -22210?
-100001
In base 3, what is 2010111 - -2?
2010120
In base 7, what is 4 + -1032?
-1025
In base 14, what is 4 - 21?
-1b
In base 9, what 